2760721
List the prime factors of 6914918034.
2, 3, 384162113
What are the prime factors of 1095460341?
3, 1997, 182851
List the prime factors of 4016074.
2, 547, 3671
List the prime factors of 10722590.
2, 5, 31, 34589
What are the prime factors of 101162378?
2, 73, 692893
What are the prime factors of 1145546695?
5, 6131, 37369
What are the prime factors of 354290836?
2, 37, 2393857
What are the prime factors of 188074966?
2, 94037483
What are the prime factors of 336736117?
336736117
What are the prime factors of 33717037?
33717037
What are the prime factors of 707373200?
2, 5, 1768433
List the prime factors of 54492443.
54492443
List the prime factors of 186036550.
2, 5, 7, 461, 1153
List the prime factors of 534459354.
2, 3, 11, 13, 41, 15193
List the prime factors of 132356649.
3, 44118883
What are the prime factors of 147590658?
2, 3, 89, 181, 509
What are the prime factors of 155194381?
127, 1222003
List the prime factors of 118018747.
7, 11, 19, 80669
List the prime factors of 1543371460.
2, 5, 77168573
What are the prime factors of 3050292858?
2, 3, 79, 127, 50671
List the prime factors of 19469620.
2, 5, 71, 13711
What are the prime factors of 3875877671?
3875877671
What are the prime factors of 1744780686?
2, 3, 11, 17, 59, 26357
What are the prime factors of 899828919?
3, 11, 1009909
What are the prime factors of 5623207?
5623207
What are the prime factors of 9314953?
9314953
What are the prime factors of 1217839588?
2, 7, 31, 367, 3823
What are the prime factors of 758421838?
2, 53, 7154923
List the prime factors of 2202383469.
3, 11, 13, 23, 223207
What are the prime factors of 1984565025?
3, 5, 41, 43, 5003
What are the prime factors of 63928051?
11, 101, 5231
What are the prime factors of 1235196068?
2, 5527, 55871
What are the prime factors of 2759904403?
71, 4259, 9127
List the prime factors of 2597575584.
2, 3, 27058079
What are the prime factors of 60694829?
13, 83, 4327
What are the prime factors of 25270538?
2, 2221, 5689
What are the prime factors of 271766694?
2, 3, 45294449
What are the prime factors of 203623621?
443, 459647
List the prime factors of 169019679.
3, 56339893
What are the prime factors of 448902638?
2, 23, 9758753
What are the prime factors of 3929495456?
2, 122796733
What are the prime factors of 413442127?
7, 47, 197, 6379
What are the prime factors of 96263209?
7, 29, 227, 2089
List the prime factors of 34568133.
3, 11522711
What are the prime factors of 835415748?
2, 3, 37, 209063
What are the prime factors of 193390419?
3, 17, 13121
What are the prime factors of 1820196729?
3, 13, 15557237
What are the prime factors of 886514789?
43, 20616623
What are the prime factors of 323849678?
2, 37, 4376347
List the prime factors of 163902804.
2, 3, 13, 281, 3739
List the prime factors of 5495500457.
263, 587, 35597
What are the prime factors of 1630390771?
4931, 330641
What are the prime factors of 514797597?
3, 59, 433, 2239
What are the prime factors of 14959414?
2, 131, 57097
What are the prime factors of 50141077?
7, 7163011
List the prime factors of 2009067115.
5, 11, 59, 113, 5479
List the prime factors of 421785877.
421785877
List the prime factors of 39852930.
2, 3, 5, 13, 17, 6011
List the prime factors of 2712216019.
2712216019
List the prime factors of 210539679.
3, 7, 17, 113, 307
What are the prime factors of 1004966131?
13, 2141, 36107
List the prime factors of 2587353466.
2, 1293676733
List the prime factors of 278180425.
5, 19, 585643
What are the prime factors of 31780742?
2, 7, 47, 48299
What are the prime factors of 466861359?
3, 167, 931859
List the prime factors of 41318812.
2, 10329703
List the prime factors of 169663717.
29, 5850473
List the prime factors of 360145760.
2, 5, 13, 19, 701
What are the prime factors of 18891815?
5, 1109, 3407
What are the prime factors of 36368927?
7, 41, 43, 421
List the prime factors of 88462000.
2, 5, 11, 4021
List the prime factors of 84125444.
2, 13, 23, 31, 2269
What are the prime factors of 875924274?
2, 3, 857, 170347
What are the prime factors of 903193780?
2, 5, 197, 229237
List the prime factors of 460112382.
2, 3, 2287, 11177
What are the prime factors of 57846361?
61, 659, 1439
List the prime factors of 172951441.
13, 223, 59659
What are the prime factors of 80990069?
29, 67, 73, 571
What are the prime factors of 153716454?
2, 3, 211, 1499
What are the prime factors of 735389799?
3, 245129933
What are the prime factors of 182891328?
2, 3, 952559
List the prime factors of 63835105.
5, 12767021
What are the prime factors of 54730661?
54730661
List the prime factors of 2671934633.
23, 29, 53, 75583
What are the prime factors of 350785172?
2, 87696293
List the prime factors of 1164384614.
2, 23, 31, 816539
List the prime factors of 1806235289.
1806235289
What are the prime factors of 552283369?
11, 17, 71, 41597
List the prime factors of 2319264669.
3, 773088223
What are the prime factors of 106814359?
106814359
What are the prime factors of 2433923618?
2, 7, 23, 7558769
List the prime factors of 62659338.
2, 3, 7, 67, 3181
What are the prime factors of 267336183?
3, 107, 137, 6079
What are the prime factors of 2789017900?
2, 5, 27890179
What are the prime factors of 38236840?
2, 5, 449, 2129
List the prime factors of 5149948.
2, 1287487
What are the prime factors of 3486635?
5, 697327
What are the prime factors of 5318804964?
2, 3, 11, 61, 660557
What are the prime factors of 59654041?
59654041
List the prime factors of 41778253.
11, 47, 80809
List the prime factors of 426359475.
3, 5, 1894931
List the prime factors of 1559379197.
53, 29422249
List the prime factors of 298739088.
2, 3, 23, 90199
List the prime factors of 1864725532.
2, 367, 1270249
List the prime factors of 463928233.
463928233
What are the prime factors of 2419289?
19, 127331
What are the prime factors of 42323874?
2, 3, 61, 197, 587
What are the prime factors of 43128858?
2, 3, 29, 311, 797
List the prime factors of 250326705.
3, 5, 31, 149, 3613
List the prime factors of 52002273.
3, 269, 64439
List the prime factors of 314137314.
2, 3, 17452073
What are the prime factors of 159090071?
7, 22727153
List the prime factors of 25545290.
2, 5, 2554529
What are the prime factors of 2045076518?
2, 821, 1245479
List the prime factors of 45218296.
2, 97, 58271
What are the prime factors of 783897025?
5, 31355881
What are the prime factors of 124488877?
124488877
What are the prime factors of 116865434?
2, 7, 8347531
What are the prime factors of 17083545?
3, 5, 661, 1723
What are the prime factors of 81239662?
2, 7, 109, 139, 383
What are the prime factors of 91885481?
97, 823, 1151
List the prime factors of 3822051037.
7, 41, 324811
List the prime factors of 62218426.
2, 19, 31, 52817
What are the prime factors of 90148193?
90148193
What are the prime factors of 802317503?
13, 19, 239, 13591
What are the prime factors of 213154269?
3, 67, 1060469
What are the prime factors of 1140713913?
3, 31, 1753, 6997
List the prime factors of 1145066276.
2, 29, 137, 72053
List the prime factors of 43685376.
2, 3, 7, 17, 239
What are the prime factors of 653101577?
487, 1341071
What are the prime factors of 334749875?
5, 367, 7297
List the prime factors of 80431290.
2, 3, 5, 893681
List the prime factors of 137492231.
61, 2253971
What are the prime factors of 1558246251?
3, 23, 3491, 6469
List the prime factors of 2050618269.
3, 7, 97648489
List the prime factors of 533184132.
2, 3, 13, 3417847
List the prime factors of 545732034.
2, 3, 29, 457, 6863
List the prime factors of 108245292.
2, 3, 53, 170197
What are the prime factors of 33423580?
2, 5, 31, 37, 47
List the prime factors of 1818026388.
2, 3, 179, 282127
List the prime factors of 867804208.
2, 127, 427069
List the prime factors of 63432375.
3, 5, 47, 59, 61
What are the prime factors of 3767968562?
2, 167, 11281343
List the prime factors of 221827144.
2, 7, 11, 73, 4933
What are the prime factors of 210170366?
2, 7, 23, 29, 71, 317
List the prime factors of 115262011.
115262011
What are the prime factors of 56391991?
56391991
List the prime factors of 1261303931.
29, 139, 157, 1993
What are the prime factors of 38438869?
7, 97, 56611
What are the prime factors of 53987304?
2, 3, 7, 211, 1523
What are the prime factors of 69198967?